{"id":40470,"date":"2023-08-26T22:27:14","date_gmt":"2023-08-26T22:27:14","guid":{"rendered":"https:\/\/radionuble.cl\/v1\/?page_id=40470"},"modified":"2023-11-29T14:54:29","modified_gmt":"2023-11-29T14:54:29","slug":"mision-y-vision","status":"publish","type":"page","link":"https:\/\/radionuble.cl\/v1\/mision-y-vision\/","title":{"rendered":"Misi\u00f3n y Visi\u00f3n"},"content":{"rendered":"<h2>Misi\u00f3n de Radio \u00d1uble<\/h2>\n<p>Nuestra misi\u00f3n es ser el coraz\u00f3n y la voz de la Regi\u00f3n de \u00d1uble y \u00e1reas circundantes, con 87 a\u00f1os de experiencia en el campo de las comunicaciones.<\/p>\n<p>Nos esforzamos por integrar a las diversas comunidades de la provincia y la Regi\u00f3n de \u00d1uble, proporcionando un medio confiable de educaci\u00f3n, entretenimiento e informaci\u00f3n.<\/p>\n<p>Trabajamos incansablemente para servir a quienes necesitan un espacio para ser escuchados, apoyados y guiados.<\/p>\n<p>Nuestra programaci\u00f3n est\u00e1 dise\u00f1ada para cruzar barreras generacionales y culturales, brindando un apoyo constante en espa\u00f1ol, respaldado por nuestra avanzada infraestructura t\u00e9cnica.<\/p>\n<p>Todo esto lo hacemos con el estilo \u00fanico de \u00abLa Sinton\u00eda Grande\u00bb, que ha sido nuestra marca distintiva desde 1936.<\/p>\n<h2>Visi\u00f3n de Radio \u00d1uble<\/h2>\n<p>Nuestra visi\u00f3n es continuar siendo \u00abLa Sinton\u00eda Grande\u00bb, la estaci\u00f3n de radio preferida y m\u00e1s confiable de la Regi\u00f3n de \u00d1uble y m\u00e1s all\u00e1.<\/p>\n<p>Aspiramos a mantenernos a la vanguardia de la innovaci\u00f3n tecnol\u00f3gica y medi\u00e1tica, y ya hemos dado pasos hacia ello con nuestra presencia en plataformas digitales como nuestra p\u00e1gina web, X y Facebook.<\/p>\n<p>Queremos ser la opci\u00f3n n\u00famero uno para nuestros oyentes en todas las facetas de sus vidas, desde educaci\u00f3n y entretenimiento hasta informaci\u00f3n y orientaci\u00f3n.<\/p>\n<p>Adem\u00e1s, aspiramos a reforzar los aspectos fundamentales que mejoran la calidad de vida de nuestros habitantes, trabajando en conjunto con la comunidad y nuestros socios publicitarios para proporcionar informaci\u00f3n oportuna y relevante.<\/p>\n<p>En resumen, nuestra visi\u00f3n es ser una emisora que no solo evoluciona con los tiempos, sino que tambi\u00e9n se mantiene fiel a su esencia y sus ra\u00edces, contribuyendo al bienestar y al enriquecimiento cultural de nuestras comunidades.<\/p>\n","protected":false},"excerpt":{"rendered":"<p>Misi\u00f3n de Radio \u00d1uble Nuestra misi\u00f3n es ser el coraz\u00f3n y la voz de la Regi\u00f3n de \u00d1uble y \u00e1reas circundantes, con 87 a\u00f1os de experiencia en el campo de las comunicaciones. Nos esforzamos por integrar a las diversas comunidades de la provincia y la Regi\u00f3n de \u00d1uble, proporcionando un medio confiable de educaci\u00f3n, entretenimiento &hellip;<\/p>\n","protected":false},"author":1,"featured_media":40468,"parent":0,"menu_order":0,"comment_status":"closed","ping_status":"closed","template":"","meta":{"footnotes":""},"class_list":["post-40470","page","type-page","status-publish","has-post-thumbnail","hentry"],"_links":{"self":[{"href":"https:\/\/radionuble.cl\/v1\/wp-json\/wp\/v2\/pages\/40470","targetHints":{"allow":["GET"]}}],"collection":[{"href":"https:\/\/radionuble.cl\/v1\/wp-json\/wp\/v2\/pages"}],"about":[{"href":"https:\/\/radionuble.cl\/v1\/wp-json\/wp\/v2\/types\/page"}],"author":[{"embeddable":true,"href":"https:\/\/radionuble.cl\/v1\/wp-json\/wp\/v2\/users\/1"}],"replies":[{"embeddable":true,"href":"https:\/\/radionuble.cl\/v1\/wp-json\/wp\/v2\/comments?post=40470"}],"version-history":[{"count":2,"href":"https:\/\/radionuble.cl\/v1\/wp-json\/wp\/v2\/pages\/40470\/revisions"}],"predecessor-version":[{"id":41691,"href":"https:\/\/radionuble.cl\/v1\/wp-json\/wp\/v2\/pages\/40470\/revisions\/41691"}],"wp:featuredmedia":[{"embeddable":true,"href":"https:\/\/radionuble.cl\/v1\/wp-json\/wp\/v2\/media\/40468"}],"wp:attachment":[{"href":"https:\/\/radionuble.cl\/v1\/wp-json\/wp\/v2\/media?parent=40470"}],"curies":[{"name":"wp","href":"https:\/\/api.w.org\/{rel}","templated":true}]}}

Misión y Visión

<h2>Misión de Radio Ñuble</h2>
<p>Nuestra misión es ser el corazón y la voz de la Región de Ñuble y áreas circundantes, con 87 años de experiencia en el campo de las comunicaciones.</p>
<p>Nos esforzamos por integrar a las diversas comunidades de la provincia y la Región de Ñuble, proporcionando un medio confiable de educación, entretenimiento e información.</p>
<p>Trabajamos incansablemente para servir a quienes necesitan un espacio para ser escuchados, apoyados y guiados.</p>
<p>Nuestra programación está diseñada para cruzar barreras generacionales y culturales, brindando un apoyo constante en español, respaldado por nuestra avanzada infraestructura técnica.</p>
<p>Todo esto lo hacemos con el estilo único de «La Sintonía Grande», que ha sido nuestra marca distintiva desde 1936.</p>
<h2>Visión de Radio Ñuble</h2>
<p>Nuestra visión es continuar siendo «La Sintonía Grande», la estación de radio preferida y más confiable de la Región de Ñuble y más allá.</p>
<p>Aspiramos a mantenernos a la vanguardia de la innovación tecnológica y mediática, y ya hemos dado pasos hacia ello con nuestra presencia en plataformas digitales como nuestra página web, X y Facebook.</p>
<p>Queremos ser la opción número uno para nuestros oyentes en todas las facetas de sus vidas, desde educación y entretenimiento hasta información y orientación.</p>
<p>Además, aspiramos a reforzar los aspectos fundamentales que mejoran la calidad de vida de nuestros habitantes, trabajando en conjunto con la comunidad y nuestros socios publicitarios para proporcionar información oportuna y relevante.</p>
<p>En resumen, nuestra visión es ser una emisora que no solo evoluciona con los tiempos, sino que también se mantiene fiel a su esencia y sus raíces, contribuyendo al bienestar y al enriquecimiento cultural de nuestras comunidades.</p>

<p>Misión de Radio Ñuble Nuestra misión es ser el corazón y la voz de la Región de Ñuble y áreas circundantes, con 87 años de experiencia en el campo de las comunicaciones. Nos esforzamos por integrar a las diversas comunidades de la provincia y la Región de Ñuble, proporcionando un medio confiable de educación, entretenimiento &hellip;</p>
